. What is the units digit of m?
1
Let v(u) = u**2 + 4*u - 3. What is the units digit of v(-5)?
2
Let u(r) = r - 13. Let m be u(11). Let s(k) = 2*k**2 + 4*k + 2. What is the units digit of s(m)?
2
Let l = -35 + 65. What is the tens digit of l?
3
Suppose -5 = -4*h - 1. What is the units digit of h?
1
Let s(a) = -2 - 2*a + 10 + 3*a. What is the units digit of s(0)?
8
Let t be ((-10)/15)/((-2)/15). Suppose -3*o - t*p = o - 13, 4 = 3*o - 2*p. Suppose -o*u + 6 = -u. What is the units digit of u?
6
Suppose -21*g = -17*g - 92. What is the tens digit of g?
2
Let m = 334 + -188. What is the tens digit of 3/(-12) + m/8?
1
Suppose 2*a = -2*w + 132, 3*w - 113 = -2*a + 85. What is the tens digit of w?
6
Let c(k) = 2*k - 6. Let u be c(4). Suppose 0 = -2*m + r + 95, 4*m - 105 = u*m + 3*r. What is the tens digit of m?
4
Let q(w) = -w**3 - 6*w**2 + 8*w + 9. Let i be q(-7). Suppose 0*x = -i*x + 10. What is the units digit of x?
5
What is the units digit of 81/12 - 15/20?
6
Suppose 4*m = -4 + 20. Suppose -m*x + 125 = x. What is the units digit of x?
5
Let r(z) = -z + 7. What is the tens digit of r(-7)?
1
Let i(b) = 2*b**2 + 3*b + 2. Let j be i(-2). Suppose -j*y + 30 = 3*k, y + 4*k - 3 = 11. What is the units digit of (-3)/6 - y/(-4)?
1
Suppose -h = -3*h + 4*r + 80, -5 = 5*r. What is the units digit of h?
8
Suppose -3*l = v + 7, -5*v - 16 = -4*l - 0*l. What is the units digit of -51*(12/(-9) - l)?
7
Let i(n) = n**3 + 5*n**2 - 6*n - 2. Let o be i(-6). Let q = o + 9. Suppose p + q = 2*p. What is the units digit of p?
7
Let c = -200 - -320. What is the tens digit of c?
2
Let x(n) = 6*n - 2. Suppose 0 = -2*v + 4*p - 6, -v = 4*p - 2 - 13. What is the tens digit of x(v)?
1
Suppose -3*j + j = -5*r - 13, 2*r = -2*j + 6. What is the units digit of (j/8 - -1)*6?
9
Let k = -475 + 883. What is the units digit of k?
8
Suppose n = 6*n - 125. What is the units digit of n?
5
Let d = -224 - -398. What is the units digit of d?
4
What is the units digit of (78/65)/(2/85)?
1
Suppose -12 = 3*k + 3*t, -4*k = k - t - 10. What is the units digit of k?
1
Let k = 61 - 29. Suppose x + 0 = k. What is the units digit of x?
2
Suppose -3*o - 5*r = -56, 5*o + r = -r + 125. Suppose 55 = 2*b - o. What is the tens digit of b?
4
Suppose y + 3 = -0*y. Let j(h) be the third derivative of h**4/24 + 2*h**3/3 - 4*h**2. What is the units digit of j(y)?
1
Let b(i) = 3*i**2 + 4*i + 3. Suppose 5*n - 5 = -4*s, -2*s - n = 2*n - 3. Let r = -2 + s. What is the units digit of b(r)?
7
Let n(v) = 8 + 0*v**2 - 9*v + 3*v - 4*v - v**2. What is the units digit of n(-10)?
8
Let j = -74 + 129. What is the units digit of j?
5
Let p = -23 + 57. Suppose -l + 4*z + 3 = -5, -3*l = -2*z - p. What is the tens digit of l?
1
Suppose -3*y - h = -4, 5*y + 4 = 3*h + 34. Suppose 2*j - 9 = -y*o + 2*o, -21 = -4*j - 3*o. What is the units digit of j?
3
Suppose -3*d - 262 = -8*d + 3*s, 5*d = -5*s + 230. What is the units digit of d?
0
Let o(m) = 5*m - 20. Let l(a) = -11*a + 41. Let x(j) = 6*l(j) + 13*o(j). Let b be x(-6). What is the tens digit of 2/b + (-45)/(-4)?
1
Suppose o - 3 + 1 = 0. Suppose o*x - 3*x - 24 = 0. Let g = -17 - x. What is the units digit of g?
7
Suppose -5*p - 2*y = -28, -4*y + 11 + 1 = -p. Let o = 5 - p. What is the units digit of (-9)/(-1) + (o - 1)?
9
Suppose -3*y = 0, 7*v - 180 = 3*v - 5*y. What is the tens digit of v?
4
Suppose 32 + 58 = 3*f. What is the tens digit of f?
3
Let v(c) = -2*c**3 + 7*c**2 - 3*c + 1. What is the units digit of v(3)?
1
What is the tens digit of 2 - (-1 - -87)*9/(-6)?
3
Let q = 15 - -17. Let d = -1 - -4. Suppose 2*o = d*a - q, -2*a = a - 3*o - 33. What is the units digit of a?
0
Let l = 65 + -36. Suppose 31 + l = 5*u. What is the units digit of u?
2
Suppose 0 = 2*i - 4, 0 = 3*x - 6*i + 4*i - 299. Suppose -x = -3*t - 11. What is the units digit of t?
0
Suppose -5*v + 9 = -6. Let o(k) = 2*k**2 - 2. Let d(u) = -3*u**2 - u + 4. Let g(r) = 3*d(r) + 5*o(r). What is the units digit of g(v)?
2
Let r be 2/((-274)/90 - -3). Let g = -24 - r. What is the tens digit of g?
2
Let a(t) = -t**2 + 5*t + 3. Let m be (-6)/21 + (-185)/(-35). What is the units digit of a(m)?
3
Let j(y) be the first derivative of -y**4/12 - y**3/2 - 3*y**2/2 - 1. Let t(d) be the second derivative of j(d). What is the units digit of t(-3)?
3
Let x = -2 - -4. What is the tens digit of (14/6)/(x/12)?
1
Suppose -h = -5*h + 132. Let i = 46 - h. What is the tens digit of i?
1
Suppose 550 + 126 = 4*t. What is the hundreds digit of t?
1
Let r = -91 + 168. What is the units digit of r?
7
Suppose -3*f - 3*f = -1266. What is the tens digit of f?
1
Suppose q = -3*q + 20. What is the units digit of q?
5
What is the tens digit of 6/39 + (-724)/(-26)?
2
Suppose 2*j + 60 = 20. Let y = j + 34. Let t = 0 + y. What is the units digit of t?
4
Let i(o) = -o + 10. Let u be i(8). Suppose -c + 2 = -2*p - 0, u*c = -2*p + 28. What is the tens digit of c?
1
Suppose 21 = 3*o - 0*o. What is the units digit of o?
7
Suppose 4*r - 23 = 41. What is the units digit of r?
6
Suppose -4*u = -2 - 2. Let i be u*22/(-5)*-5. Suppose -3*f + 4*z = -5, 2*f + 4*z - 8 = i. What is the units digit of f?
7
Let t = -12 + 17. Suppose 0 = -2*g + 2*j - 28, 3*g - t*j = -12 - 32. Let c = 22 + g. What is the units digit of c?
9
Let j(u) = 17*u - 12. Let w be j(6). Suppose w = -3*q + 6*q. What is the units digit of q?
0
What is the units digit of (-4 - -5)*(0 - -11)?
1
Suppose 2*a - 26 = 6. What is the tens digit of a?
1
Suppose 4*l = 3*l - 3. Let r = 10 + l. Let q = r + 1. What is the units digit of q?
8
Let z(a) = -4*a**2 - a + 2. Let x be z(-3). Let t = 49 + x. What is the tens digit of t?
1
Let d(p) = -p**2 - 9*p - 4. Let b be d(-9). Let q be (-4)/2 + 14/2. Let x = b + q. What is the units digit of x?
1
Suppose -4*v + 17 + 35 = 0. What is the tens digit of v?
1
Suppose 10 = -2*q + 7*q, -2*q + 169 = 3*a. What is the tens digit of a?
5
What is the units digit of (-3)/4 - (-323)/4?
0
Let n be ((-16)/(-28))/(2/7). Suppose -4*f - 8 = 2*m + n*m, 8 = -2*f - 3*m. What is the units digit of f?
2
Let q(k) = -k - 2. Let w be q(-6). Suppose -2 = -2*g + 4. Suppose 4*b - 2*a - 50 = 0, w*a = -g*b + 4*b + 5. What is the units digit of b?
5
Let q(i) = 32*i**2 - 2*i - 1. What is the units digit of q(-1)?
3
Suppose 2*d + 2*o - 42 = -0*d, 5*d - 2*o = 70. Suppose -f + d = f. What is the units digit of f?
8
Suppose 0 = 5*g - 5. Let h be g/((-4 + 2)/(-24)). Suppose 4*p = d + 8, -h = -5*p + 2*p. What is the units digit of d?
8
Let v be (1 + 87)*(-7 + 6). What is the units digit of (-2)/(-10) - v/10?
9
Let d = -54 + 89. What is the tens digit of d?
3
Suppose -1 = -v + 2. Suppose 0 = 4*i, 210 = 5*o + i + v*i. What is the units digit of o?
2
Let v(i) = i + 46. What is the tens digit of v(8)?
5
Suppose 46 = -18*s + 20*s. What is the units digit of s?
3
Suppose 4*z + 7 + 1 = 0. Suppose -3*v = 8 + 13. Let y = z - v. What is the units digit of y?
5
Let h = 152 + -101. What is the tens digit of h?
5
Suppose 184 = 5*g - 321. What is the hundreds digit of g?
1
Let m(h) = -h**2 - 24*h + 5. What is the hundreds digit of m(-15)?
1
Let b = -11 + 17. Let l be 1/(-6)*-4*b. Suppose 0 = -6*t + 4*t + l. What is the units digit of t?
2
Let l(p) = -p**3 - 6*p**2 - p + 5. What is the tens digit of l(-6)?
1
Suppose 0 = -i - 0*i + 66. Let x = -42 + i. What is the tens digit of x?
2
Suppose 0 = 4*s - d + 93, 0 = -2*s - 5*d - 19 - 44. Let r be (-100)/s - (-2)/(-12). Suppose 5*t = r*o - 6*o + 2, 3*o + 20 = 4*t. What is the units digit of t?
2
Let h = 19 + -7. What is the units digit of 6/(-4)*(-16)/h?
2
What is the units digit of (164/3)/(7 + (-721)/105)?
0
Let l(h) = 9*h - 4 + 3 - h**2 - 8. Suppose -5*v = -0*v - 30. What is the units digit of l(v)?
9
Let t(u) = u + 4. Let q(r) be the first derivative of r**2/2 - r + 2. Let n(j) = 4*q(j) + t(j). What is the units digit of n(1)?
5
Suppose -2*n = 5*f - n - 111, 107 = 5*f - 3*n. What is the units digit of f?
2
Suppose 0 = -5*l - q + 31, -4*q = -l + 4*l - 5. Let s(x) = -x**2 + 6*x + 3. Let v be s(6). Suppose -l = -v*g + 5. What is the units digit of g?
4
Let a = -173 - -317. What is the units digit of a?
4
Let w(g) = -g + 15. Let b be ((-25)/20)/(1/(-8)). Let i be w(b). Suppose -i*m + 6 = -4*r - 50, 2*m = 5*r + 36. What is the units digit of m?
8
Suppose 5*t - 50 = 175. What i